)/(4/24)*-18. Suppose -i = -4*f - 12. Let r(v) = -5*v**2 - 5*v + 5*v**3 - 4*v**3 + 2 - 5. What is r(f)?
3
Suppose 2*g = 16 - 2. Let p(r) = 3 - 3215*r - r**3 - 5 + 0 + 3207*r + 1 + 0 + 8*r**2. Calculate p(g).
-8
Suppose 16*u + 4*n + 236 = 0, 4*u = -16*n + 20*n - 64. Let i(z) = -4*z + 11. Determine i(u).
71
Let x(u) be the third derivative of u**5/60 + 5*u**4/8 + 31*u**3/6 - 3363*u**2. Determine x(-10).
-19
Let y(c) = 4*c + 6. Let g = 13204 + -13205. Determine y(g).
2
Let y(s) be the second derivative of s**3/6 - 11*s**2/2 + 4*s - 35. Let j = -10 - -10. What is y(j)?
-11
Let h(d) = 2*d**2 + 6*d - 9*d - 2 + 0*d + d**3. Suppose -8 = -32*t + 36*t. Determine h(t).
4
Suppose 2*u + 5*w = -41, 53*u - 5*w + 50 = 48*u. Let i(n) = n - 2. Give i(u).
-15
Let l(c) = -c**3 - c + 5. Suppose y - 32 = -y. Let i(j) = -136*j + 3. Let r be i(0). Suppose -3*f + 12 = -r*n - 0*n, 0 = -2*f - 4*n - y. Give l(f).
5
Let d(t) = -6895*t - 5*t**2 + 6892*t - 2 + 4*t**2. Suppose -x = -4*z - 6, 0*z + 14 = -4*z - 3*x. Give d(z).
0
Let f(z) = -z + 1 + z + 0*z + 4*z. Suppose 6 = m - 4*n - 17, -m - 5*n = -32. Let b be 90/m - 2/6. Determine f(b).
13
Let f(s) = s**3 - 11*s**2 + 11*s - 8. Let t(a) = 3*a**3 - 32*a**2 + 32*a - 23. Let u(j) = 17*f(j) - 6*t(j). Let m(c) = 14*c + 116. Let b be m(-8). Give u(b).
-2
Let c be 0 + 0 + 0 + -9. Let i(m) be the third derivative of -m**6/120 - m**5/6 - 5*m**4/12 + 2*m**3/3 - 12325*m**2. Calculate i(c).
13
Let t(s) be the third derivative of 0*s**4 + 7/60*s**5 + 0*s**3 + 0 + 0*s + 25*s**2. Let n be -6 + 2 - (-5)/1. Determine t(n).
7
Let a(n) = -4 + 11 + 16*n**2 + 450*n - 216*n + 12 - 235*n - n**3. Give a(16).
3
Let f = -132070 - -132066. Let u(b) = 12*b + 39. Let p(z) = 6*z + 19. Let j(s) = 5*p(s) - 3*u(s). Give j(f).
2
Let g(u) = 7*u + 21. Let x = 1127 - 1130. Give g(x).
0
Let c(p) = p**3 + 45*p**2 - 98*p - 187. Let o = -19819 + 19772. Determine c(o).
1
Suppose -8228 + 8343 = 5*l. Let d(g) = g**3 - 23*g**2 - 7*g + 156. Give d(l).
-5
Let b(d) = -5*d**2 - 5*d - 8. Let r be 1 + -2 + -4 - -6. Let v(n) = -n**3 + n**2 + n + 2. Let c(o) = r*b(o) + 4*v(o). What is c(2)?
-38
Let o(f) = f**3 - 12*f**2 - 12*f - 30. Let r = -4305 + 4318. Determine o(r).
-17
Let z be (4 + -11 + 1)/2. Let h be -4*-4*z/12 - -4. Suppose -a + 9 = -0*s - s, 2*s + 4*a = h. Let p(n) = -n**2 - 6*n - 7. Determine p(s).
-7
Suppose 0 = -5*x - 2*d - 356, -9*d = -x - 5*d - 80. Let b = 96 + x. Suppose c + 7*c + b = 0. Let j(l) = -3*l + 4. Determine j(c).
13
Let q(v) = -v**3 + 9*v**2 - 8*v + 2. Let z(o) = o**3 + 41*o**2 - 47*o - 177. Let g be z(-42). Suppose -28*b = -g*b - 5, 2*x + b = 15. Determine q(x).
2
Let t be 36/(7*(-24)/84). Let v(g) = -7*g - 35. Calculate v(t).
91
Let a(c) be the second derivative of 5*c**3/6 - 9*c**2/2 + 2*c + 233. What is a(-4)?
-29
Let m(j) be the second derivative of -1/4*j**4 + 3 - 1/3*j**3 + 3*j**2 + 1/20*j**5 - 3*j. Calculate m(4).
14
Let s = 53 + -42. Let h = s + -14. Let l(m) be the first derivative of m**4/4 + m**3/3 - 2*m**2 - m - 68. Give l(h).
-7
Suppose 1501 = 47*o + 1548. Let a(s) = 5*s - 4. Calculate a(o).
-9
Let u(k) = -5*k**2 + 5*k**2 + 50 - 118 + 64 + k**3 - 5*k. Calculate u(3).
8
Let b(g) = 32*g**3 - 31*g**2 - 38*g + 5. Let k(l) = 6*l**3 - 6*l**2 - 7*l + 1. Let w(x) = 2*b(x) - 11*k(x). What is w(3)?
-16
Let o(w) = w - 8. Let g(s) = -1. Let u(t) = -6*g(t) + o(t). Let y(i) = -2. Let f(h) = u(h) - 2*y(h). Let v be 40/(-6) - 2/6. Calculate f(v).
-5
Let y(u) = 3*u**2 - 21*u - 23. Let v(z) = z**2 - 8*z - 7. Let j(o) = 8*v(o) - 3*y(o). Determine j(11).
-119
Let r(l) = -3*l - 34. Let o(y) = -3*y - 43. Let h(z) = 11*o(z) - 12*r(z). Calculate h(0).
-65
Let n(k) = -2*k + 13. Suppose -2*b = -5*q + 352, -2*q = q - 2*b - 208. Suppose 54 = 14*s - q. Give n(s).
-5
Let k(z) = -3*z**3 - 5*z**2 + z + 10. Let u = 608 + -611. Give k(u).
43
Let u = 4569 + -4563. Let s(w) = -w**2 + 3*w + 27. Calculate s(u).
9
Let o(m) = 117*m - 17. Let n be o(-2). Let h = n + 251. Let y(u) = u**3 + u**2 + u - 8. Determine y(h).
-8
Let i = 720 - 503. Let z(m) = 3 + i*m - 210*m - 2. What is z(1)?
8
Let d(m) = m**3 + 4*m**2 - 24*m - 91. Suppose -193 = 5*w + p - 165, w + 2*p = -11. What is d(w)?
4
Suppose -2*s + 2*x - 2 = 0, 11 = -0*s + s + 3*x. Let c(q) = -5*q + 10*q - q**s + 3*q**2 - q**2. Let a = -89 + 83. Calculate c(a).
6
Suppose 0 = -235*x - 302*x + 1611. Let s(y) be the third derivative of 9*y**2 - 1/6*y**x + 0*y - 1/60*y**5 - 1/6*y**4 + 0. Determine s(-3).
2
Let b(f) = f**3 + 5*f**2 - 2*f - 5. Let a(o) = -3*o**3 - 2*o**2 + 1. Let g be a(-1). Let v be g + (-3)/((-1)/(112/6)). Suppose 7*m = 23 - v. Calculate b(m).
5
Suppose -m = 2*g - 6*m - 23, 25 = -5*g - 4*m. Let d be 3*g*(-2 - -1). Let c be -1 - (-5 + 8) - d. Let z(f) = f**3 + 7*f**2 - 3*f - 4. Calculate z(c).
17
Let f = -343 - -345. Suppose 0 = 5*r - f*h + 16, 0*r + r + 4*h = -12. Let g(n) = -n**3 - 5*n**2 - 3*n + 9. Determine g(r).
5
Let g(f) be the second derivative of f**4/12 + 5*f**3/6 - 19*f**2 + 15816*f. Determine g(4).
-2
Suppose -15*n - 4*m = -18*n - 10, 0 = 2*n - 4*m + 4. Let p(g) = -12*g - 83. Determine p(n).
-11
Let z = -70 - -70. Suppose 2 = -n, 4*p - 5*n + 10*n + 6 = z. Let r(x) = p - 217*x - 6 + 218*x. Determine r(6).
1
Let t be (10/(-4))/((-5)/(-10)). Let h(b) be the second derivative of -1/12*b**4 - 1/2*b**3 + 0 - 20*b + 3/2*b**2. Determine h(t).
-7
Let w(a) = a**3 + 7*a**2 + 5*a - 4. Let y be (-1)/(-3 + ((-3)/(-48) - -3)). Let l be -2 + y/(24/3). Calculate w(l).
24
Let k(d) = -18*d + 12*d - 8*d - 5*d + 63. Let u(y) = 10*y - 31. Let m(h) = 4*k(h) + 7*u(h). Let c be m(5). Let v(o) = 5*o - 7. Determine v(c).
18
Let v(s) = 0*s**2 - 26756*s + 26767*s - s**2 - 25. Calculate v(12).
-37
Let d(f) = f - 18. Suppose -s + 334 = y, 0*y + 5*y - 1642 = 2*s. Let n = 330 - y. What is d(n)?
-18
Let c(z) = 7*z - 38. Let g be (10/(-1 - 4))/((-21)/147). What is c(g)?
60
Let x(r) = -3*r - 5. Suppose -f = q - 33 + 31, 18 = f - 3*q. What is x(f)?
-23
Suppose 4*v + 3*f - 39 + 3 = 0, 0 = 5*f - 20. Suppose 3*h = y + v*h + 14, 2*y - 2*h + 20 = 0. Let l(c) = -c**2 - 10*c + 1. What is l(y)?
-10
Let z(v) = -3*v**2 + 33*v - 2. Let y be z(11). Let u(c) be the third derivative of 24*c**2 + 0 + 0*c - 1/15*c**5 - 1/12*c**4 - 1/3*c**3. Determine u(y).
-14
Let f = 23 + -21. Let n(d) = -32 - 37 + f*d + 21*d**2 + 68. Let m(x) = -22*x**2 - 3*x + 1. Let q(j) = -3*m(j) - 4*n(j). Give q(-1).
-18
Let q(l) = -41*l - 24. Let p(x) = 19*x + 12. Let i(v) = 13*p(v) + 6*q(v). Calculate i(-9).
3
Let j(p) = -p**3 - 2*p**2 + 1. Let s be (6/(-4))/((-4)/((-928)/(-6))). Let t = -61 + s. Determine j(t).
10
Let w(k) = 6*k + 5. Let p(a) = -5. Let x(v) = -6*v - 47. Let c(h) = -6*p(h) + x(h). Let j be c(-2). Give w(j).
-25
Suppose 3 = 19*y - 15*y + a, -5*y + 4*a = 12. Let r(z) = 3*z - 97. Determine r(y).
-97
Suppose -9*h + 139 = 229. Let o(t) = -2*t - 9 - t**3 + 8*t + 2*t - 9*t**2. Calculate o(h).
11
Let j(a) be the third derivative of -a**5/60 - a**4/4 - a**3/6 - a**2. Suppose 36*s + 29947 = 29839. What is j(s)?
8
Let j(c) = 203*c + 182*c - 375*c + c**2 + 6. Calculate j(-12).
30
Let d(i) = 2*i - 4. Let l be d(3). Let h(o) = -3*o - 2*o - o + 4*o + o**3 - 3 - o**l. Let z = 441 - 438. Give h(z).
9
Let p(d) = -4014 - 3992 + 21*d**2 - d**3 + 46*d + 8014. Give p(23).
8
Let f(u) = 2*u**3 + 20*u**2 + 17*u + 21. Let z(k) = -k**3 - k**2. Let w(y) = -f(y) - 3*z(y). Suppose -24*n - 90 = -522. Calculate w(n).
-3
Let v be 10 - (-105)/(-21)*(3 - 2). Let t(n) = n**3 - 8*n**2 + 2*n + 12. Give t(v).
-53
Let w(v) = -2*v + 1. Let l(k) = k. Suppose 0*z + 2*m = -5*z - 18, z - 3*m = 10. Let s(o) = z*w(o) - 3*l(o). Give s(-6).
-8
Let i(k) = -k**3 + 10*k**2 + 2*k - 3. Let t = 15 - 19. Let d be t + (-5 - (-171)/9). Give i(d).
17
Let v(n) = 6*n**2 - 1. Let b be v(1). Let h(c) = b*c - 9*c**2 + 0*c + c**3 + 3*c + c**2. Suppose 5*u - 43 = 4*d, -32*d = 5*u - 35*d - 41. Give h(u).
7
Let f(t) = -9*t + 20. Suppose -7275*p + 7274*p - 2*r = -5, 0 = -2*p - 3*r + 11. Give f(p).
-43
Let t(j) = 2*j - j - 5 + j. Let o be (-3*(-14)/15)/(38/95). What is t(o)?
9
Let o(u) = -13*u + 1. Let i(q) = 11*q - 2. Suppose -19*y = -43 + 138. Let v(k) = y*i(k) - 4*o(k). What is v(6)?
-12
Suppose -15949*z = -15944*z - 2*j + 19, 4*z - 3*j + 18 = 0. Let r(n) = -2 + 6*n + 3 - 5. Calculate r(z).
-22
Suppose -15*n + 9*n = -42. Le